+ 6. What are the prime factors of k?
3, 11
Let z = -415 + 415. Suppose z*d - 2*d = o - 579, 15 = 3*d. What are the prime factors of o?
569
Let m(p) = 283*p + 6. Let w(i) = i + 2. Let j(x) = -m(x) + 2*w(x). What are the prime factors of j(-1)?
3, 31
Suppose 243*c - 3708622 = 137*c. What are the prime factors of c?
59, 593
Suppose p = -4*h - 0*p + 7, 3*p + 5 = h. Suppose h*y - 7*y = 3*j - 2741, -y = j - 549. What are the prime factors of y?
547
Let r = 534 - 533. What are the prime factors of (-18295)/(-20) + r/4 - -3?
2, 3, 17
Suppose 19 = 2*v + 27. Let w(l) = -6*l + 5*l**2 + 4*l + 3*l + 10 + 3*l. What are the prime factors of w(v)?
2, 37
Suppose -96*l - 99*l = -220*l + 478500. List the prime factors of l.
2, 3, 5, 11, 29
What are the prime factors of -10 + ((-81497)/13)/(-1)?
11, 569
Let g = -1342 + 7441. What are the prime factors of g?
3, 19, 107
Let g = -5713 + 7311. List the prime factors of g.
2, 17, 47
Suppose 4*z - v + 5*v = 32, 25 = 5*v. Suppose 3*n - 59 - 95 = -u, z*n = 5*u - 806. Let d = u - 95. What are the prime factors of d?
5, 13
Let k = 303 - 1. Suppose 0 = -a - 4*v + 3*v + 191, 5*a - 4*v - 910 = 0. Suppose -a = -8*c + k. List the prime factors of c.
61
Suppose 0 = -2*y + 600 - 626. List the prime factors of 952 - 56/(-5 - y).
3, 5, 7
Suppose 3*k - 18332 - 4033 = 0. What are the prime factors of k?
3, 5, 7, 71
List the prime factors of 30/160*8 + 18*(-2095)/(-4).
3, 7, 449
Suppose -738570 + 7478450 = 140*i. List the prime factors of i.
2, 24071
Suppose 37*c + 2*z + 24 = 39*c, 3*c = -5*z + 68. List the prime factors of 2463/27 + c/(-72).
7, 13
Suppose 5*r - 25008 = -l + 10132, 35140 = 5*r - 5*l. List the prime factors of r.
2, 7, 251
Suppose a - c = -4*a + 401, -5*a + 3*c = -393. Suppose -76*m + a*m - 540 = 0. What are the prime factors of m?
2, 3
Let p(x) = 7*x - 4*x - 9 - 5*x. Let n be p(-5). List the prime factors of n/(((-12)/(-3))/68).
17
Let z = 1063 + 5753. List the prime factors of z.
2, 3, 71
Let x(f) = -5*f + 98. Let b be x(17). Suppose -b*i - 3245 = -5*m - 8*i, -4*i = 20. List the prime factors of m.
2, 7, 23
Let p be 5*(494/55 - (-4)/(-22)). Let v = -42 + p. Suppose b + 82 = v*b. List the prime factors of b.
2, 41
Let v(m) = -m**2 - m + 14. Let y(s) = 2*s**2 + 2*s - 14. Let i(n) = 3*v(n) + 2*y(n). Let l be i(0). Suppose 9*k + 470 = l*k. List the prime factors of k.
2, 47
Suppose -3*j - 5*y = -125, -5*j + j - 5*y + 170 = 0. Let p(l) = 3*l**2 + 8*l + 5. Let r be p(-8). Let q = r - j. What are the prime factors of q?
2, 11
Let d = 13295 + 6077. What are the prime factors of d?
2, 29, 167
What are the prime factors of 7 - (1/(-4) - (-51357)/(-12))?
3, 1429
Let n(m) = -12*m**3 + m**2 + 6*m - 9. Suppose -4*j + 18 = -2*i, 2*j - 2 = -3*i - 5. List the prime factors of n(i).
2, 3, 17
Let t be (5 + 74 + -13)/(6/(-52)). Let o = 288 - t. What are the prime factors of o?
2, 5, 43
Suppose -3*v = 2*z - 68914, 4*z - 137834 = -28*v + 25*v. List the prime factors of z.
2, 5, 1723
Let a be (1 + -2)*3 + -36 + -45. What are the prime factors of -33*(1 + a)/(24/8)?
11, 83
Let i be (-4 + (-2 - -3))*5. List the prime factors of (350/i + 0)*-3*13.
2, 5, 7, 13
Let y = 52 - 29. Let u be 5*((-510)/(-25))/6. Suppose c - y = -u. What are the prime factors of c?
2, 3
Let x = -44 - -41. What are the prime factors of (-438)/(-4) - (18/x)/(-12)?
109
Suppose 4*k = 2*s - 1770, -7*s + 2954 + 3191 = -4*k. What are the prime factors of s?
5, 7
Let b = -164 + 168. Suppose 26*n = 25*n - b*y + 138, 0 = -5*n - 3*y + 690. List the prime factors of n.
2, 3, 23
Suppose -2*c - 3032 + 12982 = 4*q, 0 = 3*q + 3*c - 7470. Suppose -8*g + g = -q. List the prime factors of g.
5, 71
Let z = 909 - -1728. List the prime factors of z.
3, 293
Suppose -32*a = -29*a - 73230. What are the prime factors of a?
2, 5, 2441
What are the prime factors of (-22)/(-11) - 17 - -8550?
3, 5, 569
Let w be (-96)/(-9) + ((-60)/(-18) - 3). Let p(u) = 5*u - 58. Let k be p(w). List the prime factors of (k/(-3))/(2/50)*2.
2, 5
Let q = 1396 - 527. Let n = q + 12. What are the prime factors of n?
881
Let r(x) = 1077*x - 2706. List the prime factors of r(31).
3, 7, 487
Let o = 450 - 436. What are the prime factors of 447 + 6/(-51) + o/119?
3, 149
Suppose 5*g + 2 = -2*r - 2, 16 = 3*r + 2*g. Suppose 4*b = -20, -3*b + 1185 = -4*i + r*i. What are the prime factors of i?
2, 3, 5
Let w be 0/(1/((-1)/(-1))). Suppose 2*o - b = 691, o - 4*b = -w*b + 335. Let l = o - 188. What are the prime factors of l?
3, 53
Suppose c + 72436 + 590792 = 28*c. What are the prime factors of c?
2, 3, 23, 89
Suppose -64*d = 59*d + 69*d - 38208. What are the prime factors of d?
199
Let t(w) = -13*w - 120. Let v be t(6). Let x = 456 + v. What are the prime factors of x?
2, 3, 43
Let v(u) = 5*u**3 + 2*u**2 - 28*u + 3. What are the prime factors of v(8)?
2467
Let b = -4236 - -4320. Suppose 4*k - 17 = 5*r + 12, 19 = 4*k - 3*r. What are the prime factors of (1 + b - 0)/k?
5, 17
Let j = 186 + -192. What are the prime factors of j + -28*404/(-8)?
2, 11
Let k(q) = -2532*q + 1156. What are the prime factors of k(-9)?
2, 41, 73
Let c be (87/15)/((-278)/70 - -4). Let s = 220 - c. List the prime factors of s.
17
Let y(d) be the third derivative of -d**6/360 + d**5/12 - 11*d**4/24 - 25*d**2. Let j(g) be the second derivative of y(g). List the prime factors of j(2).
2, 3
Suppose 3*z = -4*h + 5*z + 20, -2*z - 5 = h. Suppose h*q + 24 = 9*q. Suppose -10 = -q*f - f, 0 = 3*c + 3*f - 405. What are the prime factors of c?
7, 19
Let i(c) = 24*c + 2*c**2 + 11445*c**3 - 11456*c**3 + 2 + 0*c**2. What are the prime factors of i(-4)?
2, 3, 107
Suppose 4*m + 8 = 20. What are the prime factors of m - -1*1*4347/9?
2, 3
Let p = -35 + 44. Suppose p = -t + 5. What are the prime factors of (-836)/(-10) + (t - (-44)/10)?
2, 3, 7
Suppose 354 = -2*q + 5*c, 2*c = q - c + 176. Let m = q - -340. What are the prime factors of m?
2, 79
Suppose 53*t - 557293 + 520330 - 935587 = 0. List the prime factors of t.
2, 5, 367
Let g(n) = -n**3 - 14*n**2 - n + 18. Let r be g(-13). Let x = r + 198. What are the prime factors of x?
2, 3, 5
List the prime factors of (-75)/2*(-81732)/2085.
2, 3, 5, 7
Let z = -21371 + 36031. What are the prime factors of z?
2, 5, 733
Let r(o) = 1446*o + 405. What are the prime factors of r(11)?
3, 5437
Let y = 51 - 43. Let d be (-27)/(-6)*y/(-12)*-2. Suppose 5*i + 136 = d*i. What are the prime factors of i?
2, 17
Let p be -4 + 19 + 2 + -2. Suppose 3*w + 4248 = p*w. List the prime factors of w.
2, 3, 59
Let c(h) = 9*h + 34. Let b(n) = -19*n - 67. Let q(r) = 6*b(r) + 13*c(r). Let f be q(-12). Suppose -f*v = 18 - 170. List the prime factors of v.
2, 19
Suppose a = 3*b - b - 1487, b - 5*a = 766. Let n = b - -19. List the prime factors of n.
2, 5, 19
Let y be (0 - -7)*-177 + -3. Let a = y - -1941. List the prime factors of a.
3, 233
Let s = -4555 + 11618. List the prime factors of s.
7, 1009
Suppose -5*a + 310 = q, -4*a + 3*a + 78 = -3*q. Let k = 112 - 110. Suppose -k*z - a + 227 = 0. What are the prime factors of z?
2, 41
What are the prime factors of (26/(-195)*6)/((-4)/19810)?
2, 7, 283
Let q(n) = -29*n + 147. Let f be q(5). Suppose 0*c = -3*c + f*t + 2411, -2387 = -3*c - 4*t. What are the prime factors of c?
3, 89
Let h = 6235 + -673. What are the prime factors of h?
2, 3, 103
Let n(p) = 49181*p**2 + 1131*p - 1130. List the prime factors of n(1).
2, 3, 7, 1171
Let q(p) = p**2 - 19*p + 71. Let n(o) = -1. Let t(y) = n(y) + q(y). What are the prime factors of t(16)?
2, 11
Suppose 5*h = 4*l - 12, 4*h + 18 - 6 = 4*l. Suppose -l*o = -17 + 29. List the prime factors of 106/(2*(-2)/o).
2, 53
Let d(i) = -2474*i + 1880. What are the prime factors of d(-2)?
2, 3, 569
Suppose -4*x - 2*s + 75456 = 0, -x - 28*s = -26*s - 18864. What are the prime factors of x?
2, 3, 131
Let m(p) be the third derivative of 83*p**5/60 - p**4/24 + 3*p**3/2 + 220*p**2. What are the prime factors of m(3)?
3, 251
Suppose -2*a + 74 - 66 = 0. Suppose -7*h - a*h = -275. What are the prime factors of (10/h - (-21)/10)*74?
5, 37
Let n(g) = -5287*g + 354. List the prime factors of n(-3).
3, 5, 23, 47
Let j(d) = -2*d - 239 - d + 277 - d**2 - 11*d. Let r be j(-16). Let g(a) = 24*a + 16. List the prime factors of g(r).
2, 5
Let g be (-15)/(-85)*2613 + 10/(-85). What are the prime factors of (